s -11110000 (base 2) in base 4?
-3300
1011010010001 (base 2) to base 16
1691
Convert 2c24 (base 16) to base 11.
8543
What is 1001000 (base 3) in base 2?
1011110100
Convert -30332 (base 4) to base 10.
-830
Convert 474 (base 11) to base 5.
4230
-1140 (base 14) to base 4
-232310
-3029 (base 12) to base 3
-21011020
What is 325 (base 13) in base 2?
1000011010
What is -1320320 (base 4) in base 2?
-1111000111000
Convert 23042 (base 5) to base 16.
66f
What is 1b4 (base 14) in base 5?
2404
Convert -10111110111 (base 2) to base 9.
-2076
What is -b1 (base 12) in base 13?
-a3
Convert 1202200111 (base 3) to base 2.
1000011111001010
7228 (base 9) to base 10
5291
Convert -141 (base 9) to base 2.
-1110110
What is 12188 (base 11) in base 13?
7c89
What is -2587 (base 13) in base 15?
-18ba
What is -1010101111001 (base 2) in base 4?
-1111321
Convert -33c (base 16) to base 8.
-1474
-20354 (base 6) to base 16
-aae
-522034 (base 6) to base 7
-233143
Convert -10302 (base 5) to base 14.
-382
21b (base 13) to base 3
111102
Convert 1001011000 (base 2) to base 8.
1130
What is 210d (base 14) in base 2?
1011001000001
What is 87 (base 9) in base 13?
61
What is 532 (base 15) in base 16?
494
Convert 21122 (base 4) to base 9.
738
Convert 11001010 (base 2) to base 3.
21111
-81 (base 12) to base 4
-1201
Convert -11111 (base 4) to base 11.
-290
Convert -20115 (base 8) to base 2.
-10000001001101
169 (base 13) to base 4
10000
-2803 (base 14) to base 13
-32a0
Convert -7474 (base 9) to base 4.
-1111312
Convert -30002 (base 4) to base 15.
-365
-1000110100010111 (base 2) to base 6
-435115
8547 (base 9) to base 2
1100010001000
Convert -7695 (base 10) to base 7.
-31302
Convert -65a (base 12) to base 14.
-4aa
What is 1110100110000 (base 2) in base 12?
43a8
476 (base 11) to base 16
237
35514 (base 7) to base 4
2033112
What is 1132133 (base 4) in base 16?
179f
Convert -41030 (base 8) to base 11.
-11792
What is -1001101001110110 (base 2) in base 16?
-9a76
What is -68e (base 15) in base 9?
-2028
Convert -249 (base 13) to base 11.
-333
Convert 23134 (base 5) to base 10.
1669
What is 1101001 (base 2) in base 10?
105
-9491 (base 16) to base 6
-452025
-304 (base 9) to base 7
-502
Convert ab28 (base 16) to base 5.
2400231
What is 130133 (base 5) in base 10?
5043
Convert 37528 (base 9) to base 3.
1021120222
Convert -2232033 (base 4) to base 7.
-44340
What is -210000 (base 4) in base 6?
-14400
Convert 123 (base 9) to base 13.
7b
What is 982 (base 10) in base 12?
69a
What is -556 (base 9) in base 10?
-456
What is -1101101110011000 (base 2) in base 15?
-119cb
Convert 2331 (base 5) to base 10.
341
Convert 309 (base 15) to base 4.
22230
Convert 1401011 (base 5) to base 4.
12321200
What is 10737 (base 10) in base 15?
32ac
Convert 6 (base 15) to base 4.
12
1110111001 (base 2) to base 3
1022022
What is 532 (base 15) in base 4?
102110
What is -1110111001 (base 2) in base 12?
-675
Convert 2c81 (base 16) to base 8.
26201
What is 11110120212 (base 3) in base 14?
24072
-35d (base 16) to base 11
-713
20022 (base 5) to base 16
4ee
Convert 34 (base 14) to base 8.
56
Convert -100110001011100 (base 2) to base 11.
-13761
Convert -eee6 (base 16) to base 12.
-2b486
Convert 1022300 (base 4) to base 2.
1001010110000
Convert -1d4 (base 15) to base 10.
-424
24b (base 13) to base 15
1bb
21210 (base 4) to base 8
1144
-318 (base 12) to base 14
-244
What is -21c (base 16) in base 12?
-390
What is 4715 (base 9) in base 15?
1082
Convert 172 (base 10) to base 11.
147
-4007 (base 8) to base 16
-807
-101001011 (base 2) to base 6
-1311
Convert -1111111 (base 2) to base 8.
-177
Convert -12100 (base 5) to base 3.
-1020100
Convert 110100110011110 (base 2) to base 16.
699e
What is 1244322 (base 5) in base 3?
1021020112
Convert 11905 (base 11) to base 10.
17066
Convert -9a6 (base 15) to base 16.
-885
Convert -5a94 (base 12) to base 8.
-23720
Convert -111010 (base 2) to base 5.
-213
1035 (base 6) to base 2
11101111
Convert 10167 (base 8) to base 13.
1bc3
What is 1015 (base 7) in base 8?
543
Convert b7 (base 12) to base 6.
351
What is 88531 (base 9) in base 5?
3340003
-22012222 (base 3) to base 8
-13551
What is 2033 (base 4) in base 12?
bb
88 (base 14) to base 5
440
What is 4904 (base 10) in base 8?
11450
What is 815 (base 10) in base 3?
1010012
What is 229 (base 16) in base 15?
26d
What is -512 (base 9) in base 14?
-21a
What is 3852 (base 9) in base 7?
11255
Convert 112a (base 11) to base 16.
5cc
What is 200120110 (base 3) in base 6?
142403
-413 (base 14) to base 10
-801
3234 (base 7) to base 8
2200
1d86 (base 14) to base 7
21526
10111100010 (base 2) to base 8
2742
Convert -140 (base 12) to base 2.
-11000000
Convert 762 (base 8) to base 4.
13302
What is -330221 (base 4) in base 3?
-12022202
-4550 (base 12) to base 4
-1320030
What is -312 (base 14) in base 9?
-741
What is 13212 (base 5) in base 15?
4a7
-2300310 (base 5) to base 15
-c0da
-1322 (base 4) to base 9
-145
Convert 9715 (base 15) to base 16.
7ce2
What is 4206 (base 7) in base 9?
2020
What is -398 (base 11) in base 7?
-1241
What is -11203 (base 4) in base 16?
-163
Convert -2310 (base 9) to base 11.
-1315
-23444 (base 5) to base 8
-3325
Convert -12113 (base 5) to base 9.
-1218
-5 (base 8) to base 11
-5
What is -43332 (base 5) in base 7?
-11436
What is 19127 (base 10) in base 14?
6d83
What is 1003233 (base 4) in base 2?
1000011101111
Convert 260461 (base 7) to base 15.
e474
-1011001000110 (base 2) to base 4
-1121012
Convert 435055 (base 6) to base 2.
1000110100001011
-10040 (base 5) to base 11
-537
9b4b (base 14) to base 15
7e99
Convert -2121201120 (base 3) to base 11.
-35811
-4121 (base 13) to base 9
-13282
Convert -571 (base 8) to base 7.
-1046
Convert 14216 (base 7) to base 2.
111100101100
What is -130103 (base 4) in base 6?
-12215
What is a4e4 (base 16) in base 13?
162a1
What is -e52 (base 15) in base 5?
-100402
Convert 216 (base 9) to base 4.
2301
What is 220 (base 13) in base 15?
194
Convert -112120 (base 3) to base 13.
-243
-1042 (base 10) to base 15
-497
21602 (base 8) to base 5
242330
What is 6b86 (base 14) in base 4?
10210302
2b27 (base 14) to base 8
16777
1202001 (base 3) to base 8
2366
-53 (base 16) to base 15
-58
What is 443204 (base 5) in base 10?
15429
-83 (base 11) to base 8
-133
Convert -230143 (base 5) to base 2.
-1111111101101
-40 (base 12) to base 10
-48
-175 (base 14) to base 9
-362
1ab (base 15) to base 9
468
-74b (base 12) to base 10
-1067
a9 (base 12) to base 7
243
What is -201 (base 6) in base 13?
-58
What is -1111100111 (base 2) in base 11?
-829
2cbd (base 14) to base 4
1331013
Convert -49ab (base 13) to base 14.
-3b46
-1621 (base 14) to base 12
-2351
-262216 (base 7) to base 16
-beb1
What is -13cb (base 13) in base 15?
-cb6
Convert 12624 (base 7) to base 10.
3399
-b181 (base 15) to base 13
-14095
What is -2086b (base 12) in base 13?
-16592
-2032213 (base 4) to base 5
-243002
-120002210 (base 3) to base 11
-82aa
1cc (base 15) to base 3
120110
What is -10110111001 (base 2) in base 15?
-67a
Convert -89 (base 14) to base 12.
-a1
Convert -55555 (base 8) to base 5.
-1222110
What is -1110 (base 8) in base 16?
-248
Convert 227 (base 13) to base 11.
308
Convert 4102 (base 9) to base 5.
43444
1553 (base 6) to base 15
1d9
Convert -1201200 (base 3) to base 10.
-1260
-101334 (base 5) to base 16
-d10
6235 (base 12) to base 4
2213021
1331 (base 7) to base 5
4022
Convert 48a (base 13) to base 8.
1426
Convert 25245 (base 7) to base 2.
1100111111000
Convert -20012011 (base 3) to base 13.
-2092
What is 3130 (base 4) in base 5?
1340
Convert 2031101 (base 4) to base 12.
5295
What is 3c68 (base 16) in base 13?
7067
111212022 (base 3) to base 12
5a22
What is -1a23 (base 11) in base 6?
-15514
-2010122 (base 3) to base 10
-1556
101021 (base 3) to base 14
15b
What is 132bc (base 13) in base 10?
35645
What is -504 (base 12) in base 15?
-334
-323100 (base 5) to base 12
-6469
13 (base 12) to base 5
30
e8 (base 15) to base 14
118
Convert 11555 (base 9) to base 2.
1111001000001
Convert -13410 (base 5) to base 3.
-1111221
Convert -872 (base 14) to base 6.
-11420
Convert -265 (base 12) to base 13.
-221
-3919 (base 14) to base 16
-2723
Convert -121135 (base 6) to base 14.
-3c43
What is -1680 (base 14) in base 2?
-111111000000
Convert 3152 (base 11) to base 5.
113141
What is -2144 (base